3 divide 420436263?
True
Does 39 divide 141401910?
True
Is 17872401 a multiple of 4892?
False
Is 14 a factor of 28448444?
False
Does 211 divide 99017407?
False
Is 302202121 a multiple of 21?
False
Is 16302708 a multiple of 64?
False
Does 2623 divide 228027882?
True
Is 1819052472 a multiple of 12?
True
Is 440 a factor of 76504560?
True
Does 12 divide 3849818?
False
Is 34 a factor of 3611752?
True
Is 5950122 a multiple of 79?
True
Is 841 a factor of 3740841765?
False
Is 318346 a multiple of 7?
True
Is 294007644 a multiple of 63?
True
Is 517 a factor of 4749776713?
True
Is 745843094 a multiple of 188?
False
Does 88 divide 385196?
False
Does 12 divide 395329740?
True
Does 26 divide 207658464?
True
Is 21 a factor of 538547904?
False
Is 415922052 a multiple of 634?
False
Is 5145 a factor of 2030083230?
True
Does 4238 divide 202966296?
True
Does 1219 divide 4561744?
False
Is 61 a factor of 21593512?
True
Is 17555110 a multiple of 180?
False
Does 12 divide 103097688?
True
Does 22 divide 134650301?
False
Is 3081 a factor of 254613840?
True
Does 22 divide 1526642216?
True
Is 2021 a factor of 288821110?
True
Is 13 a factor of 35412162?
False
Is 6280634400 a multiple of 480?
True
Is 63 a factor of 377811496?
False
Is 91833000 a multiple of 600?
True
Does 872 divide 42038248?
True
Is 29 a factor of 67956831?
True
Is 96209640 a multiple of 60?
True
Is 31006104 a multiple of 776?
False
Does 1916 divide 74087888?
True
Is 4317640 a multiple of 14?
False
Does 12 divide 113609640?
True
Is 48685524 a multiple of 25?
False
Does 20 divide 30484975?
False
Is 141128042 a multiple of 258?
False
Does 25 divide 627125069?
False
Is 5980310224 a multiple of 112?
True
Is 3711 a factor of 361215882?
False
Is 33 a factor of 1245811103?
False
Is 226 a factor of 58488574?
True
Is 226 a factor of 9605452?
True
Is 181 a factor of 212559384?
False
Is 718589370 a multiple of 438?
True
Is 1126744392 a multiple of 3516?
True
Is 1003 a factor of 28319705?
True
Is 690666 a multiple of 129?
True
Does 338 divide 93636816?
True
Does 593 divide 45413719?
True
Is 508728090 a multiple of 13?
True
Does 26 divide 49262902?
True
Is 286881190 a multiple of 5230?
True
Does 5149 divide 362844881?
True
Is 293137860 a multiple of 7180?
True
Does 324 divide 57200008?
False
Is 207738643 a multiple of 128?
False
Does 70 divide 15143240?
True
Is 2664648 a multiple of 952?
True
Does 805 divide 52256784?
False
Does 139 divide 403619487?
False
Is 90370826 a multiple of 70?
False
Does 543 divide 232862954?
False
Does 17 divide 25043402?
False
Is 94 a factor of 2133457060?
False
Does 15611 divide 3028893053?
True
Does 13 divide 5928689?
True
Is 11 a factor of 550662072?
False
Does 3260 divide 112574320?
True
Is 94 a factor of 403805670?
True
Is 11033491 a multiple of 29?
False
Is 18 a factor of 41898870?
True
Is 4696 a factor of 118315720?
True
Is 7895322336 a multiple of 22?
True
Is 81 a factor of 40678929?
True
Is 61658676 a multiple of 15?
False
Is 5023722527 a multiple of 383?
True
Is 4998617219 a multiple of 246?
False
Is 15 a factor of 137849898?
False
Is 133 a factor of 343867111?
True
Is 586 a factor of 145129932?
True
Is 1717 a factor of 1065413953?
True
Does 71 divide 38900303?
False
Does 46 divide 4896378?
True
Does 2174 divide 425908592?
False
Is 312670776 a multiple of 6428?
True
Is 18 a factor of 33994533?
False
Is 13 a factor of 8428165187?
True
Is 12 a factor of 172654956?
True
Is 15 a factor of 25888245?
True
Is 316774670 a multiple of 5?
True
Is 78 a factor of 23436259?
False
Is 4079277115 a multiple of 198?
False
Is 133 a factor of 47793683?
True
Is 22 a factor of 1267266?
True
Is 165194491 a multiple of 1301?
False
Does 190 divide 24071480?
True
Is 191 a factor of 4154554?
False
Does 1358 divide 46931122?
True
Does 82 divide 464367410?
False
Is 34403368 a multiple of 2078?
True
Is 4807812289 a multiple of 31?
True
Is 22 a factor of 3128861730?
False
Does 6 divide 2685549?
False
Is 145 a factor of 21572665?
True
Is 264 a factor of 128634592?
False
Is 4091854383 a multiple of 37?
True
Is 1259 a factor of 90741166?
True
Does 238 divide 51553418?
True
Is 949854213 a multiple of 12?
False
Is 23 a factor of 20147212?
False
Is 97777440 a multiple of 15?
True
Is 77 a factor of 666292766?
False
Is 10932734 a multiple of 53?
True
Is 1724123884 a multiple of 14?
True
Is 8270 a factor of 3617893440?
True
Is 139 a factor of 23100306?
False
Is 27 a factor of 6268104?
True
Is 12 a factor of 5316650?
False
Is 277201579 a multiple of 67?
True
Does 2568 divide 41353632?
False
Is 141062978 a multiple of 401?
True
Does 8 divide 13905985?
False
Is 35 a factor of 5378641590?
True
Is 9 a factor of 340309969?
False
Is 1066 a factor of 47263018?
False
Does 133 divide 6851761?
True
Is 69 a factor of 2166656231?
False
Is 1193 a factor of 1180459184?
True
Is 56 a factor of 36282575?
False
Is 3303171 a multiple of 7?
False
Is 261 a factor of 640261234?
False
Does 33 divide 70246176?
True
Does 17 divide 3473525?
True
Is 948176280 a multiple of 810?
True
Does 984 divide 2496839976?
True
Does 15 divide 616490235?
True
Is 3128 a factor of 305115978?
False
Does 26 divide 1125013735?
False
Is 85672137 a multiple of 3216?
False
Is 16 a factor of 61381971?
False
Is 458 a factor of 25962312?
False
Is 56823528 a multiple of 174?
True
Is 109988473 a multiple of 1273?
True
Is 42443625 a multiple of 19?
True
Does 751 divide 2751664?
True
Does 1148 divide 17485467?
False
Is 127 a factor of 1094678913?
True
Is 72959778 even?
True
Is 120861265 a multiple of 5?
True
Does 24 divide 1240711704?
True
Does 122 divide 454444022?
True
Is 50405040 a multiple of 28?
True
Is 554004672 a multiple of 26?
True
Is 212 a factor of 98490505?
False
Is 104855259 a multiple of 19?
False
Is 3277 a factor of 238956284?
False
Does 61 divide 317665796?
True
Is 97751034 a multiple of 3082?
False
Is 5249986 a multiple of 67?
True
Does 430 divide 567780138?
False
Does 184 divide 998302989?
False
Does 66 divide 97893453?
False
Does 1931 divide 1589818734?
False
Is 61 a factor of 20958807?
True
Does 2158 divide 1161975298?
False
Does 717 divide 4606106?
False
Is 3147 a factor of 856867710?
False
Does 768 divide 3991849728?
True
Is 3222 a factor of 10978399?
False
Is 977 a factor of 8845988?
False
Is 2834 a factor of 2368733718?
True
Does 12340 divide 4326379088?
False
Does 148 divide 32474297?
False
Is 139623419 a multiple of 247?
True
Is 171201736 a multiple of 947?
False
Is 1646023931 a multiple of 9365?
False
Is 1102754268 a multiple of 154?
True
Is 224033150 a multiple of 1090?
True
Is 20351506 a multiple of 99?
False
Is 184351005 a multiple of 586?
False
Is 80458782 a multiple of 7?
False
Is 1492891 a multiple of 29?
True
Is 7259 a factor of 2380037366?
True
Is 70 a factor of 16380179?
False
Is 13004436 a multiple of 2?
True
Is 116 a factor of 544555584?
False
Does 68 divide 392612308?
False
Does 17 divide 231526981?
False
Is 41 a factor of 10415385?
False
Is 86709425 a multiple of 25?
True
Is 1207 a factor of 371914117?
True
Is 6085920 a multiple of 96?
True
Is 74249368 a multiple of 12?
False
Does 14 divide 24470810?
True
Does 61 divide 858722045?
False
Does 151 divide 69478535?
False
Does 2 divide 1809389?
False
Is 56 a factor of 106263453?
False
Does 6 divide 10152534?
True
Is 294702548 a multiple of 79?
True
Is 84967220 a multiple of 65?
True
Does 1469 divide 229772136?
False
Is 711 a factor of 11559725?
False
Is 12431536 a multiple of 13?
True
Does 9 divide 24683893?
False
Is 82937012 a multiple of 13?
False
Is 7 a factor of 93051056?
True
Does 160 divide 47586880?
True
Is 241801140 a multiple of 102?
False
Does 2061 divide 422904834?
True
Is 74211 a multiple of 29?
True
Is 57 a factor of 15633185?
False
Does 481 divide 92915099?
False
Does 372 divide 9971641?
False
Is 3814356 a multiple of 499?
True
Is 170505840 a multiple of 201?
False
Is 20276529 a multiple of 13?
True
Does 1254 divide 417366312?
True
Is 78760607 a multiple of 337?
True
Is 406483543 a multiple of 49?
False
Is 623 a factor of 16190524?
True
Is 866707 a multiple of 2619?
False
Is 46259436 a multiple of 585?
False
Does 2055 divide 100065974?
False
Does 62 divide 14651158?
True
Is 623242230 a multiple of 6?
True
Does 200 divide 10098030?
False
Is 1817454156 a multiple of 714?
T